{"id":118393,"date":"2022-11-10T13:07:35","date_gmt":"2022-11-10T13:07:35","guid":{"rendered":"https:\/\/www.mineriactiva.com\/?page_id=118393"},"modified":"2026-02-11T14:14:37","modified_gmt":"2026-02-11T17:14:37","slug":"home-3-2","status":"publish","type":"page","link":"https:\/\/www.mineriactiva.com\/?page_id=118393","title":{"rendered":"Noticias"},"content":{"rendered":"<div class=\"wpb-content-wrapper\"><p>[vc_row row_height_percent=\u00bb75&#8243; back_image=\u00bb118453&#8243; back_position=\u00bbcenter bottom\u00bb parallax=\u00bbyes\u00bb overlay_color=\u00bbcolor-151495&#8243; overlay_alpha=\u00bb83&#8243; gutter_size=\u00bb3&#8243; column_width_percent=\u00bb100&#8243; shift_y=\u00bb0&#8243; z_index=\u00bb0&#8243; uncode_shortcode_id=\u00bb123100&#8243; overlay_color_type=\u00bbuncode-palette\u00bb][vc_column column_width_use_pixel=\u00bbyes\u00bb position_vertical=\u00bbmiddle\u00bb align_horizontal=\u00bbalign_center\u00bb gutter_size=\u00bb2&#8243; style=\u00bbdark\u00bb overlay_alpha=\u00bb50&#8243; shift_x=\u00bb0&#8243; shift_y=\u00bb0&#8243; shift_y_down=\u00bb0&#8243; z_index=\u00bb0&#8243; medium_width=\u00bb0&#8243; mobile_width=\u00bb0&#8243; width=\u00bb1\/1&#8243; column_width_pixel=\u00bb900&#8243;][vc_custom_heading heading_semantic=\u00bbh5&#8243; text_size=\u00bbfontsize-160000&#8243; text_transform=\u00bbuppercase\u00bb text_space=\u00bbfontspace-135905&#8243; uncode_shortcode_id=\u00bb911903&#8243;]noticias[\/vc_custom_heading][vc_custom_heading heading_semantic=\u00bbh1&#8243; text_font=\u00bbfont-339240&#8243; text_size=\u00bbfontsize-338686&#8243; uncode_shortcode_id=\u00bb180899&#8243;]Expertos en inversiones de capital privado en la industria minera.[\/vc_custom_heading][vc_empty_space][\/vc_column][\/vc_row][vc_row row_height_percent=\u00bb0&#8243; override_padding=\u00bbyes\u00bb h_padding=\u00bb2&#8243; top_padding=\u00bb5&#8243; bottom_padding=\u00bb5&#8243; overlay_alpha=\u00bb50&#8243; equal_height=\u00bbyes\u00bb gutter_size=\u00bb4&#8243; column_width_percent=\u00bb100&#8243; shift_y=\u00bb0&#8243; z_index=\u00bb0&#8243; el_class=\u00bbinverted-device-order\u00bb][vc_column column_width_percent=\u00bb100&#8243; gutter_size=\u00bb3&#8243; overlay_alpha=\u00bb50&#8243; shift_x=\u00bb0&#8243; shift_y=\u00bb0&#8243; shift_y_down=\u00bb0&#8243; z_index=\u00bb0&#8243; medium_width=\u00bb0&#8243; mobile_width=\u00bb0&#8243; width=\u00bb1\/3&#8243; uncode_shortcode_id=\u00bb844322&#8243;][vc_custom_heading text_color=\u00bbaccent\u00bb heading_semantic=\u00bbh6&#8243; text_size=\u00bbfontsize-160000&#8243; text_transform=\u00bbuppercase\u00bb text_space=\u00bbfontspace-135905&#8243; uncode_shortcode_id=\u00bb837192&#8243; text_color_type=\u00bbuncode-palette\u00bb]Miner\u00eda Activa &#8211; Proyecto Indiana[\/vc_custom_heading][vc_custom_heading heading_semantic=\u00bbh3&#8243; text_size=\u00bbh1&#8243; subheading=\u00bbCerramos un arriendo con compromiso de compra por un nuestro proyecto de oro y cobre Indiana, en la Regi\u00f3n de Atacama, una operaci\u00f3n valorizada en US$15 millones.<\/p>\n<p>El proyecto ser\u00e1 operado por la canadiense RDL Mining Corp, filial de Galantas Gold Corporation, compa\u00f1\u00eda que recientemente complet\u00f3 un aumento de capital por C$15 millones para el desarrollo del Proyecto.\u00bb uncode_shortcode_id=\u00bb147509&#8243; text_color_type=\u00bbuncode-palette\u00bb text_color_solid=\u00bb#ff0000&#8243;]Miner\u00eda Activa logra acuerdo de venta de proyecto de oro y cobre Indiana, en Atacama[\/vc_custom_heading][vc_button button_color=\u00bbaccent\u00bb border_width=\u00bb0&#8243; link=\u00bburl:https%3A%2F%2Fwww.df.cl%2Fmercados%2Fbolsa-monedas%2Ffondo-ligado-a-larrainvial-arrienda-con-compromiso-de-compra-proyecto-de|target:_blank\u00bb button_color_type=\u00bbuncode-palette\u00bb uncode_shortcode_id=\u00bb525718&#8243;]Ver Noticia[\/vc_button][\/vc_column][vc_column column_width_percent=\u00bb100&#8243; gutter_size=\u00bb3&#8243; overlay_alpha=\u00bb50&#8243; shift_x=\u00bb0&#8243; shift_y=\u00bb0&#8243; shift_y_down=\u00bb0&#8243; z_index=\u00bb0&#8243; medium_width=\u00bb0&#8243; mobile_width=\u00bb0&#8243; width=\u00bb1\/3&#8243; uncode_shortcode_id=\u00bb104438&#8243;][vc_custom_heading text_color=\u00bbaccent\u00bb heading_semantic=\u00bbh6&#8243; text_size=\u00bbfontsize-160000&#8243; text_transform=\u00bbuppercase\u00bb text_space=\u00bbfontspace-135905&#8243; uncode_shortcode_id=\u00bb137604&#8243; text_color_type=\u00bbuncode-palette\u00bb]tierras raras[\/vc_custom_heading][vc_custom_heading heading_semantic=\u00bbh3&#8243; text_size=\u00bbh1&#8243; subheading=\u00bbEsta semana el proyecto de lant\u00e1nidos de Penco fue vendido en US$ 56,3 millones. Entre los aportantes del fondo vendedor est\u00e1n la familia Cueto y \u00d3scar Ler\u00eda.\u00bb uncode_shortcode_id=\u00bb211298&#8243;]La historia detr\u00e1s del m\u00e1s reciente negocio minero.[\/vc_custom_heading][vc_button button_color=\u00bbaccent\u00bb border_width=\u00bb0&#8243; link=\u00bburl:https%3A%2F%2Fwww.latercera.com%2Fpulso%2Fnoticia%2Ftierras-raras-la-historia-detras-del-mas-reciente-negocio-minero%2F849513%2F|target:_blank\u00bb button_color_type=\u00bbuncode-palette\u00bb uncode_shortcode_id=\u00bb151781&#8243;]Ver Noticia[\/vc_button][\/vc_column][vc_column column_width_percent=\u00bb100&#8243; gutter_size=\u00bb3&#8243; overlay_alpha=\u00bb50&#8243; shift_x=\u00bb0&#8243; shift_y=\u00bb0&#8243; shift_y_down=\u00bb0&#8243; z_index=\u00bb0&#8243; medium_width=\u00bb0&#8243; mobile_width=\u00bb0&#8243; width=\u00bb1\/3&#8243; uncode_shortcode_id=\u00bb186026&#8243;][vc_custom_heading text_color=\u00bbaccent\u00bb heading_semantic=\u00bbh6&#8243; text_size=\u00bbfontsize-160000&#8243; text_transform=\u00bbuppercase\u00bb text_space=\u00bbfontspace-135905&#8243; uncode_shortcode_id=\u00bb175697&#8243; text_color_type=\u00bbuncode-palette\u00bb]Miner\u00eda Activa[\/vc_custom_heading][vc_custom_heading heading_semantic=\u00bbh3&#8243; text_size=\u00bbh1&#8243; subheading=\u00bbEn entrevista con MINER\u00cdA CHILENA ejecutivos de la empresa que compr\u00f3 el 90% de la minera explican lo que buscan con esta inversi\u00f3n y detallan sus planes para potenciar este activo.\u00bb uncode_shortcode_id=\u00bb159900&#8243;]Nuestra visi\u00f3n es transformar a Pampa Camarones en una empresa exitosa.[\/vc_custom_heading][vc_button button_color=\u00bbaccent\u00bb border_width=\u00bb0&#8243; link=\u00bburl:https%3A%2F%2Fwww.mch.cl%2Fentrevistas%2Fmineria-activa-nuestra-vision-transformar-pampa-camarones-una-empresa-exitosa%2F%23|target:_blank\u00bb button_color_type=\u00bbuncode-palette\u00bb uncode_shortcode_id=\u00bb210238&#8243;]Ver Noticia[\/vc_button][\/vc_column][\/vc_row][vc_row row_height_percent=\u00bb0&#8243; override_padding=\u00bbyes\u00bb h_padding=\u00bb2&#8243; top_padding=\u00bb1&#8243; bottom_padding=\u00bb5&#8243; overlay_alpha=\u00bb50&#8243; equal_height=\u00bbyes\u00bb gutter_size=\u00bb4&#8243; column_width_percent=\u00bb100&#8243; shift_y=\u00bb0&#8243; z_index=\u00bb0&#8243; el_class=\u00bbinverted-device-order\u00bb uncode_shortcode_id=\u00bb121858&#8243;][vc_column column_width_percent=\u00bb100&#8243; gutter_size=\u00bb3&#8243; overlay_alpha=\u00bb50&#8243; shift_x=\u00bb0&#8243; shift_y=\u00bb0&#8243; shift_y_down=\u00bb0&#8243; z_index=\u00bb0&#8243; medium_width=\u00bb0&#8243; mobile_width=\u00bb0&#8243; width=\u00bb1\/3&#8243; uncode_shortcode_id=\u00bb844322&#8243;][vc_custom_heading text_color=\u00bbaccent\u00bb heading_semantic=\u00bbh6&#8243; text_size=\u00bbfontsize-160000&#8243; text_transform=\u00bbuppercase\u00bb text_space=\u00bbfontspace-135905&#8243; uncode_shortcode_id=\u00bb123263&#8243; text_color_type=\u00bbuncode-palette\u00bb]Pampa Camarones[\/vc_custom_heading][vc_custom_heading heading_semantic=\u00bbh3&#8243; text_size=\u00bbh1&#8243; subheading=\u00bbEl gerente general, Ignacio del R\u00edo, explica que como parte de un proceso que requiri\u00f3 tres a\u00f1os, la mina ubicada en la Regi\u00f3n de Tarapac\u00e1 fue redise\u00f1ada en varios aspectos.\u00bb uncode_shortcode_id=\u00bb362533&#8243;]Vive su segunda oportunidad de la mano de Minera Activa.[\/vc_custom_heading][vc_button button_color=\u00bbaccent\u00bb border_width=\u00bb0&#8243; link=\u00bburl:https%3A%2F%2Fwww.mch.cl%2Fentrevistas%2Fpampa-camarones-vive-su-segunda-oportunidad-de-la-mano-de-minera-activa%2F|target:_blank\u00bb button_color_type=\u00bbuncode-palette\u00bb uncode_shortcode_id=\u00bb106515&#8243;]Ver Noticia[\/vc_button][\/vc_column][vc_column column_width_percent=\u00bb100&#8243; gutter_size=\u00bb3&#8243; overlay_alpha=\u00bb50&#8243; shift_x=\u00bb0&#8243; shift_y=\u00bb0&#8243; shift_y_down=\u00bb0&#8243; z_index=\u00bb0&#8243; medium_width=\u00bb0&#8243; mobile_width=\u00bb0&#8243; width=\u00bb1\/3&#8243; uncode_shortcode_id=\u00bb104438&#8243;][vc_custom_heading text_color=\u00bbaccent\u00bb heading_semantic=\u00bbh6&#8243; text_size=\u00bbfontsize-160000&#8243; text_transform=\u00bbuppercase\u00bb text_space=\u00bbfontspace-135905&#8243; uncode_shortcode_id=\u00bb135519&#8243; text_color_type=\u00bbuncode-palette\u00bb]Miner\u00eda Activa[\/vc_custom_heading][vc_custom_heading heading_semantic=\u00bbh3&#8243; text_size=\u00bbh1&#8243; subheading=\u00bbAlcanz\u00f3 un acuerdo con la japonesa Mitsui &amp; Co., la cual aportar\u00e1 un financiamiento de US$ 10 millones, lo que le permitir\u00e1 reanudar sus operaciones.\u00bb uncode_shortcode_id=\u00bb210708&#8243;]Reiniciar\u00e1 operaci\u00f3n de Pampa Camarones tras acuerdo con Mitsui.[\/vc_custom_heading][vc_button button_color=\u00bbaccent\u00bb border_width=\u00bb0&#8243; link=\u00bburl:https%3A%2F%2Fwww.guiaminera.cl%2Fmineria-activa-reiniciara-operacion-de-pampa-camarones-tras-acuerdo-de-us-10-millones-con-mitsui%2F|target:_blank\u00bb button_color_type=\u00bbuncode-palette\u00bb uncode_shortcode_id=\u00bb143754&#8243;]Ver Noticia[\/vc_button][\/vc_column][vc_column column_width_percent=\u00bb100&#8243; gutter_size=\u00bb3&#8243; overlay_alpha=\u00bb50&#8243; shift_x=\u00bb0&#8243; shift_y=\u00bb0&#8243; shift_y_down=\u00bb0&#8243; z_index=\u00bb0&#8243; medium_width=\u00bb0&#8243; mobile_width=\u00bb0&#8243; width=\u00bb1\/3&#8243; uncode_shortcode_id=\u00bb186026&#8243;][\/vc_column][\/vc_row]<\/p>\n<\/div>","protected":false},"excerpt":{"rendered":"<p>[vc_row row_height_percent=\u00bb75&#8243; back_image=\u00bb118453&#8243; back_position=\u00bbcenter bottom\u00bb parallax=\u00bbyes\u00bb overlay_color=\u00bbcolor-151495&#8243; overlay_alpha=\u00bb83&#8243; gutter_size=\u00bb3&#8243; column_width_percent=\u00bb100&#8243; shift_y=\u00bb0&#8243; z_index=\u00bb0&#8243; uncode_shortcode_id=\u00bb123100&#8243; overlay_color_type=\u00bbuncode-palette\u00bb][vc_column column_width_use_pixel=\u00bbyes\u00bb position_vertical=\u00bbmiddle\u00bb align_horizontal=\u00bbalign_center\u00bb gutter_size=\u00bb2&#8243; style=\u00bbdark\u00bb overlay_alpha=\u00bb50&#8243; [&hellip;]<\/p>\n","protected":false},"author":1,"featured_media":0,"parent":0,"menu_order":0,"comment_status":"closed","ping_status":"closed","template":"","meta":{"footnotes":""},"class_list":["post-118393","page","type-page","status-publish","hentry"],"_links":{"self":[{"href":"https:\/\/www.mineriactiva.com\/index.php?rest_route=\/wp\/v2\/pages\/118393","targetHints":{"allow":["GET"]}}],"collection":[{"href":"https:\/\/www.mineriactiva.com\/index.php?rest_route=\/wp\/v2\/pages"}],"about":[{"href":"https:\/\/www.mineriactiva.com\/index.php?rest_route=\/wp\/v2\/types\/page"}],"author":[{"embeddable":true,"href":"https:\/\/www.mineriactiva.com\/index.php?rest_route=\/wp\/v2\/users\/1"}],"replies":[{"embeddable":true,"href":"https:\/\/www.mineriactiva.com\/index.php?rest_route=%2Fwp%2Fv2%2Fcomments&post=118393"}],"version-history":[{"count":21,"href":"https:\/\/www.mineriactiva.com\/index.php?rest_route=\/wp\/v2\/pages\/118393\/revisions"}],"predecessor-version":[{"id":119447,"href":"https:\/\/www.mineriactiva.com\/index.php?rest_route=\/wp\/v2\/pages\/118393\/revisions\/119447"}],"wp:attachment":[{"href":"https:\/\/www.mineriactiva.com\/index.php?rest_route=%2Fwp%2Fv2%2Fmedia&parent=118393"}],"curies":[{"name":"wp","href":"https:\/\/api.w.org\/{rel}","templated":true}]}}